t d be p(-5). Let j(u) = 9*u**2 + u - 5. List the prime factors of j(d).
11, 13
Suppose 8*u - 3*u = 45. Suppose -f + 46 = u. What are the prime factors of f?
37
Let o(x) = x**3 + 7*x**2 - 8*x + 2. Let t be o(-8). Suppose -4*u = -t*u. Suppose u = -k + 7 + 21. List the prime factors of k.
2, 7
List the prime factors of 2151/6*6*(-9)/(-81).
239
Let d(c) = -c**3 - 20*c**2 - 51*c - 24. List the prime factors of d(-18).
2, 3, 41
Suppose -7*v - 99 + 1121 = 0. What are the prime factors of v?
2, 73
Suppose -2*g + 0*g = 0. Let u be (-440)/100*(5 + g). List the prime factors of 4/u + 1458/33.
2, 11
Let a be 9*(-1)/6*-2. Suppose d + 18 = -5*v, 3*d + 3*v + 15 = d. List the prime factors of (-46)/d - 1/a.
3, 5
Let i = -44 - -26. Let k = 11 + -5. What are the prime factors of (-246)/i - 4/k?
13
Let t(g) = -46*g**3. Let p be -8 + 7 - 0/(-2). Let u be t(p). Suppose -j + u = -3*f, 4*j = 5*j + 5*f - 14. What are the prime factors of j?
2, 17
Let s(d) = -121*d + 382. List the prime factors of s(-36).
2, 23, 103
Let j(a) = a**2 - 16. Let d be j(-10). Suppose 4*i = 44 + d. Let g = -8 + i. What are the prime factors of g?
2, 3
Let h(q) be the first derivative of 24*q**4 - q**3/3 - 3. What are the prime factors of h(1)?
5, 19
Let k = -161 - -148. List the prime factors of 3/(-6)*20/2*k.
5, 13
Suppose -4*r - 6 = -2*m, 0 = -0*m - 2*m + 5*r + 6. Let f be 97 + 0 + 6/m. Let u = f + -54. What are the prime factors of u?
3, 5
Let y be 2 - ((-27)/9 + (-1)/(-1)). Suppose 4*g + 4*x - 68 = -x, y*x = 5*g - 126. List the prime factors of g.
2, 11
Suppose 0*t + t = -0*t. List the prime factors of -3*(t + (-186)/9).
2, 31
Let o = -58 - -130. What are the prime factors of o?
2, 3
Let b be 139/3*(0 + -3). Let a = b + 211. What are the prime factors of a?
2, 3
Let j = 1111 + -672. What are the prime factors of j?
439
Let u = 49 + -54. List the prime factors of (-2)/6*-375*(u - -6).
5
Let x(s) = -s**2 - 9*s - 8. Let g = 53 - 33. Suppose -3*i = 5*r + g, 2*i - 4*i + 45 = -5*r. What are the prime factors of x(r)?
2, 3
Let w = 53 - 51. What are the prime factors of (15/(-12) - w)/((-2)/64)?
2, 13
Let z(g) = g**2 - 4*g + 7. Suppose 5*l + 24 = 4*k + l, 4*l - 4 = 0. List the prime factors of z(k).
2, 7
What are the prime factors of (63/28)/(60/26000)?
3, 5, 13
Suppose -16*m = -19*m + 9. Suppose 4*d + 4*y - 54 = 2*y, d + m*y = 26. List the prime factors of d.
11
Let t = -8 + 2. Let f(k) = -k**3 - 8*k**2 - 10*k - 7. Let a be f(t). Let z = 2 - a. List the prime factors of z.
3, 7
What are the prime factors of (5 - 13/3)*4437/6?
17, 29
What are the prime factors of -4 - ((-15547)/(-21))/((-4)/12)?
3, 739
Let d = 9 + 3. Let u(n) = -n**3 + 2*n**2 - 1. Let g be u(-1). List the prime factors of 3/5*(d - g).
2, 3
Suppose 6050 = -129*k + 134*k. What are the prime factors of k?
2, 5, 11
Suppose -41*x = -24*x - 12070. What are the prime factors of x?
2, 5, 71
Let l(d) = d**3 + 5*d**2 - 11*d + 6. What are the prime factors of l(-5)?
61
What are the prime factors of -11 + 11 - -80 - 1?
79
Let h(o) = o**3 + 7*o**2 + 9*o - 7. Let b be h(-7). Let l = -45 - b. Let k = l - 15. List the prime factors of k.
2, 5
Suppose -5*a + 7 = -4*j, 3*a - 3*j + 0*j = 3. Suppose 86 = a*l - l. List the prime factors of l.
43
Suppose 23*c + 16040 = 31*c. List the prime factors of c.
5, 401
Suppose -3*s = -5*f + 385, 4*f - 99 = -4*s + 209. Suppose b + 239 = 4*b - 2*g, -b - 2*g + f = 0. What are the prime factors of (-1)/((-3)/(b + -1))?
2, 13
Suppose -1686 = 3*i - 9021. List the prime factors of i.
3, 5, 163
Suppose 5*g + 58 = j, -j - 5*g - 27 = -115. List the prime factors of j.
73
Suppose -6*l - 16 = -2*l. Let k be l*86/(-12)*3. Suppose 4*u + i - k = 0, -3*u + 0*u - 5*i = -56. What are the prime factors of u?
2, 11
Let i(p) = -p**2 + 25*p - 9. Let a be i(12). Suppose f = 3*f - 5*t - a, -5*t + 315 = 5*f. List the prime factors of f.
2, 3, 11
Let k(f) = -7*f**3 + 13*f**2 + 23*f - 1. Let p(h) = 15*h**3 - 27*h**2 - 47*h + 2. Let o(m) = 13*k(m) + 6*p(m). What are the prime factors of o(8)?
71
List the prime factors of (-29 - -33) + 3406*1.
2, 5, 11, 31
Suppose 0*b = 3*b - 300. Let w = b + -60. Suppose 4*k + 0*k = w. List the prime factors of k.
2, 5
Suppose -b = -4*p - 2471, 42*p + 4981 = 2*b + 47*p. List the prime factors of b.
13, 191
Let b(d) = 923*d - 100. What are the prime factors of b(4)?
2, 449
Suppose 4*o + 278 = -158. Let h = o - -214. Suppose -5*t + 4*u = -147, -4*t - u = -0*u - h. What are the prime factors of t?
3
Let q(h) = h**2 + 6*h + 12. Let i be q(-9). Suppose -i = -2*s + 2*z + 85, -4*s - 5*z = -293. List the prime factors of s.
67
Let y(d) = -d**2 - 8*d + 9. Let m be y(-7). Let g = 49 + m. Suppose -4*u = -3 - g. List the prime factors of u.
17
Let f be 28*((-6)/(-4) - -7). Suppose -12 = -0*x - 3*x. Suppose x*z - 3*y = -0*y + f, 4*y = 5*z - 298. What are the prime factors of z?
2, 29
Suppose 4*k + 5*o + 95 = 0, 21 = 2*k - 3*k - 4*o. Let j = 36 + k. Suppose n = 4 + j. What are the prime factors of n?
3, 5
Suppose 6*n = 9*n - 12. Suppose -o + 58 = -4*v, -n*o + 8*o = -v + 317. List the prime factors of o.
2, 3, 13
Let o be 4/(-70)*-5*14. Let u be ((-375)/(-6))/((-2)/o). Let d = -73 - u. List the prime factors of d.
2, 13
Let v = 61 - -161. Suppose v = 7*u - u. List the prime factors of u.
37
Let j be (79/2 - 4)*2. Let w = 225 - j. List the prime factors of w.
2, 7, 11
Let m(b) be the third derivative of -61*b**4/24 + b**3/2 + 35*b**2. What are the prime factors of m(-1)?
2
Let j be (10/(-30))/(1/18). Let c(q) = -58*q - 35. List the prime factors of c(j).
313
Suppose 2226 = 2*u + 4*w, -2*u + 2*w + 2262 = -3*w. List the prime factors of u.
19, 59
Suppose -5*p + 4*s + 4588 = -3*p, -6889 = -3*p - s. What are the prime factors of p?
2, 7, 41
Let x be (-1050)/(-8) + 7/4 + -2. Let c = -188 + 105. Let j = c + x. What are the prime factors of j?
2, 3
Let n(t) = 60*t - 168. List the prime factors of n(8).
2, 3, 13
Let u(n) = n**2 - 9*n + 8. Suppose -2*f + 31 = 2*i - 15, 0 = f - 5*i + 7. What are the prime factors of u(f)?
2, 5, 17
Let u be 525/10 + 2 + (-2)/4. What are the prime factors of -2*(-4)/16*u?
3
Let x = 43 - 36. Suppose 0 = -10*n + x*n + 339. List the prime factors of n.
113
Let c = 787 - 501. List the prime factors of c.
2, 11, 13
Suppose -o = -2*o + 2. Suppose -3 = o*t - 7. What are the prime factors of (7/4)/(t/24)?
3, 7
Let f be (-32)/(-48)*42/(-4). Let d be f/(-14) - (-446)/4. Suppose k + d = 8*k. List the prime factors of k.
2
List the prime factors of 1/((-3150)/788 - (-2 + -2)).
2, 197
Suppose 3*z = -3*l - 6, 0 = -4*z + 5*z + 3*l + 10. Suppose -3*b = -5*w - 200, 0 = b - 0*b - z*w - 68. List the prime factors of b.
2, 3, 5
Let r = -67 + 77. List the prime factors of r.
2, 5
Let t(g) = -g**2 + 55*g - 148. What are the prime factors of t(48)?
2, 47
Let u(o) = -o**3 - 7*o**2 - 8*o + 3. Let r be u(-4). Let w be (r/4)/((-2)/24). What are the prime factors of (-366)/(-8) - w/52?
3, 5
Let o(t) = -t - 2 - 37 + t**2 - 10*t. List the prime factors of o(17).
3, 7
Let l(w) = -2*w - 8. Let x be l(-6). Suppose x*o + 6 + 18 = 0. List the prime factors of -4 - (-4)/(-2)*o.
2
Let l(z) = -z**3 - 8*z**2 - z - 3. Let c be l(-8). What are the prime factors of (-24)/60 + 97/c?
19
Let j(p) = 10*p**2 - p - 7. Let k be j(3). What are the prime factors of k - (4/(-1) + 4)?
2, 5
Let y(o) = o**2 - 12*o + 26. Let t be y(11). What are the prime factors of (-5)/t*(-10 + -1 + 2)?
3
Let i(w) = w. Let j be i(3). Let s(m) = -3*m**2 + 7. Let k(d) = -3*d**2 + 6. Let v(u) = -4*k(u) + 3*s(u). What are the prime factors of v(j)?
2, 3
Suppose 6*o - 2*o + 4*b = 28, -3*o + b + 1 = 0. Let s = 28 - -18. Suppose -o*m + s = -0*m. What are the prime factors of m?
23
Let q be (-2)/(-8) - (-54)/(-24). Let a be 9/(6/q) + 83. List the prime factors of ((-6)/4)/((-10)/a).
2, 3
Let o(t) = -t**3 - 21*t**2 + 17*t - 54. Suppose -7*k = 71 + 83. List the prime factors of o(k).
2, 7
Let c = -186 + 345. What are the prime factors of c?
3, 53
Let q = 12 - 20. Let l be 1100/32 + 3/q. Let r = 5 + l. What are the prime factors of r?
3, 13
Let o(y) = 5*y + 11. Let p(z) = -11*z - 16. Let n(r) = -65*r - 95. Let m(k) = 6*n(k) - 35*p(k). Let g(a) = 4*m(a) + 3*o(a). What are the prime factors of g(-6)?
23
Suppose 348 = -4*d + 2*t, -2*d - 259 = d - t. Let x = -27 - d. List th